0 + g. Let l = n + -51. What are the prime factors of l?
3, 11
Let d(r) = -3*r - 3. Let j be d(-3). Let a = 29 - j. What are the prime factors of a?
23
Let v be 18/(15/(-6) - -1). Let j = v + 12. Suppose 5*b - 1 = -3*x, -5*x - 4*b + 10 + 9 = j. What are the prime factors of x?
7
What are the prime factors of ((-48)/(-14))/((-38016)/19019 - -2)?
2, 3, 13, 19
Let a = 17 + -16. Let t = 108 - a. List the prime factors of t.
107
Let a(d) = 61*d**2 - 2*d + 1. Let c be a(1). Suppose -171*s + 172*s - 50 = 0. Suppose 5*p = c + s. List the prime factors of p.
2, 11
Let b(i) = 7*i**3 - 8*i**2 + 7*i + 12. What are the prime factors of b(4)?
2, 3, 5
Suppose -2*i + 7*i = 2*x - 2212, -4*x = -3*i - 4396. List the prime factors of x.
2, 137
Let b(r) = -r - 2. Let l be 4 - (-5)/((-10)/16). Let v be b(l). Let p = 18 - v. What are the prime factors of p?
2
Suppose -2*v - 468 = -84. List the prime factors of 4 + 0 - v/3.
2, 17
Let a be 1/(-4 + 532/132). Let r = 45 + a. What are the prime factors of r?
2, 3, 13
Let z(a) = -7 + 3*a - 5*a + 3 + 1. Let s be z(5). What are the prime factors of (-11 - s)/(4/38)?
19
Let h be (2 + -232)*6/(-2). Let g = h - 434. What are the prime factors of g?
2
Let j(t) = t**3 + 4*t**2 + t - 3. Let n be j(-3). Suppose n*s - 38 - 1228 = -5*z, -3*s = 3*z - 756. List the prime factors of z.
3, 5, 17
Let d(h) = -h**3 - 13*h**2 - 13*h - 6. Let q be d(-12). Suppose 3*f + 34 = -4*w, 5*w + f + 0*f = -37. Let l = q - w. List the prime factors of l.
13
Suppose 2*n - 108 = -4*q, -12*n + 3*q = -11*n - 44. What are the prime factors of n?
2, 5
Suppose 0 = -l + 397 + 215. List the prime factors of l.
2, 3, 17
Suppose -c + 3 - 4 = 0. Let b be 3/(-6)*2*15. Let o = c - b. What are the prime factors of o?
2, 7
Let u(z) = 2*z + 17. Let r be u(-7). Suppose 0 = -l + r*w + 81, -3*l + 329 = -2*w + 72. What are the prime factors of l?
3, 29
Suppose -62 = -2*f + 38. Let m = f + 25. What are the prime factors of m?
3, 5
Suppose -4*o = -548 - 288. Let n = -125 + o. List the prime factors of n.
2, 3, 7
Let d = 175 - 99. What are the prime factors of d?
2, 19
Suppose -7*v + 7535 + 5142 = 0. List the prime factors of v.
1811
Suppose d + 723 = 1893. List the prime factors of d.
2, 3, 5, 13
Suppose n = 9*n - n. Let z = -7 - -10. Suppose -d + 14 = z*s, -d + n*s = -s + 2. What are the prime factors of d?
2
What are the prime factors of (7209/(-54))/(-2*1/4)?
3, 89
Let i(m) = 2*m - 28. Let f be i(14). Suppose 0 = u, 0 = 4*d + 2*u - f*u - 576. What are the prime factors of d?
2, 3
Suppose -5*i - 5*h + 10786 - 4131 = 0, 0 = i - 3*h - 1343. What are the prime factors of i?
2, 23, 29
Suppose 2*z + 1 - 2 = -3*k, -4*z - 4*k = 0. Let p be ((-21)/(-14))/(z/(-2)). Suppose -p*g = -h + 36, 2*h - 2*g + 3*g - 37 = 0. List the prime factors of h.
3, 7
Suppose 227 = 10*n - 543. What are the prime factors of n?
7, 11
Let v(d) = -7*d - 3. Let c be v(-1). Suppose 4*u + c*k = 496, 4*u + 382 = 7*u - 2*k. What are the prime factors of u?
2, 3, 7
Let u(a) = -a - 8 - 7 + 12. Let v be u(-7). Suppose d - 3*g - 19 = 0, 3*g - 41 = -v*d + 8*g. What are the prime factors of d?
2
Let c be 6/(10/5) - 0. Suppose 2*y = d - 20 - 15, 95 = c*d - y. What are the prime factors of d?
31
Let v = -1373 - -2649. What are the prime factors of v?
2, 11, 29
Suppose 296 = a + 2*a - 4*z, 2*a - 2*z - 196 = 0. Let u be (-138)/(-33) - 10/55. Suppose u*l + 0*l = a. List the prime factors of l.
2, 3
Let d(f) = -f**3 + 32*f**2 + 74*f + 73. List the prime factors of d(34).
277
Let k(a) be the first derivative of a**3 + 6*a**2 - 11*a + 5. List the prime factors of k(-9).
2, 31
Let s be 4/(-10) - (-468)/45. Suppose -4*k + s = -14. Suppose 2*w + 5*l - 129 = 0, -l + k*l + 25 = 0. What are the prime factors of w?
7, 11
Suppose 4*o = -2*y + 3222, 0 = 5*o - 85*y + 84*y - 4045. List the prime factors of o.
2, 101
Suppose 0 = -7*a - 8*a + 1815. List the prime factors of a.
11
Suppose 15*k = 13*k + 1786. What are the prime factors of k?
19, 47
Suppose 0 = -3*m - 5*p - 10, -5*m - 10 = -m + 5*p. Let h = 4 + m. Suppose 4*l + 3*w = 39, 0 = -h*l + 5*w - 6 + 37. What are the prime factors of l?
3
Suppose -5*r = d - 74, 6*d - 70 = -5*r + d. Suppose -2*h + r = h + 3*a, 3*a - 11 = -2*h. What are the prime factors of h?
2
Let o = 11 + -8. Suppose 7*f - 80 = o*f. Let t = f - -11. List the prime factors of t.
31
Suppose -14285 = -5*y + 11*r - 6*r, 0 = y - 5*r - 2849. List the prime factors of y.
3, 953
Suppose 5*n - 1026 = 1729. List the prime factors of n.
19, 29
Let p(x) = 9*x**3 - 7*x**2 + 4*x + 14. List the prime factors of p(5).
2, 3, 41
Let l = 3 + 0. Suppose 5*p - l*s = s + 256, 0 = 2*s + 8. What are the prime factors of p?
2, 3
Suppose 3*n - 2*v - 9 = 0, -2*n - 3*v + 4*v + 6 = 0. Suppose -32 = -2*w + n*z + 31, 5*w = -3*z + 210. List the prime factors of w.
3, 13
Let x(v) be the third derivative of v**5/30 - 17*v**4/12 + 5*v**3/3 - 23*v**2. List the prime factors of x(19).
2, 43
Let l(n) = -4*n + 41. Let u be l(-13). Let w be -49 + 1 + -1 - 1. Let y = w + u. What are the prime factors of y?
43
Suppose -4*i + 46 = -0*w + w, 2*i + 2*w = 20. Let m(k) = -k**2 + 11*k + 27. What are the prime factors of m(i)?
3, 5
Let p(d) = -d**3 - 6*d**2 - 6*d - 1. Let j be p(-5). Suppose 4 = 5*k + 2*g - 21, -5*k - 5 = -j*g. Suppose y - k*y = -18. List the prime factors of y.
3
Let c = -133 - -213. Let g(h) = -h + 11. Let z be g(7). Suppose v + z*v = c. What are the prime factors of v?
2
Suppose -2*x + 11 = -5. Let o(p) = -p**3 + 7*p**2 + 4*p - 6. Let f be o(x). What are the prime factors of (-8 - -4)*f/8?
19
Let g be -1*(0 + 41) + 1. Let j = g - -56. Suppose 0*u - u + j = 0. List the prime factors of u.
2
Let p = -2360 - -5461. List the prime factors of p.
7, 443
Let d = -62 - -187. Suppose 0 = 14*x - 2029 + d. What are the prime factors of x?
2, 17
Let t(h) = -5*h - 4. Let b(a) = -a - 1. Let g(c) = 6*b(c) - 2*t(c). Let d(i) = 2*i + 1. Let z be d(2). What are the prime factors of g(z)?
2, 11
Let r = -50 - -46. Let t = -2 + 6. What are the prime factors of t - (-14 - 16/r)?
2, 7
List the prime factors of 3 - (1/10 - (-12081)/(-10)).
7, 173
Suppose q - 2*k = -q + 4, -5*q + 19 = -2*k. Suppose 6*p = 2*p + q*u + 255, 3*p - 191 = 4*u. List the prime factors of p.
5, 13
Let d(u) = 51*u - 11. List the prime factors of d(8).
397
Let t be (-58)/2*1/2*-4. Suppose 2*i = 6, -3*k + 2*i = -4*k + 9. Suppose n = k*n - t. What are the prime factors of n?
29
Let q(h) = 2*h + 11. Let t(u) = 2*u. Let g be t(8). Suppose o - 4*c - g = 0, -5*o + 2*o + 4*c = -16. List the prime factors of q(o).
11
Let a = 16 - 14. Suppose a*n - 6 = 10. Suppose 4*x = -n, 5*o - 43 = -4*x + 24. What are the prime factors of o?
3, 5
Suppose 7*h - 11*h = -8. Let p(v) = -61*v + 2. Let i be p(h). List the prime factors of (-3 + i)/(-3) - 2.
3, 13
Let a = 4028 - 2608. What are the prime factors of a?
2, 5, 71
Let k(w) = -w**3 - 5*w**2 + w - 7. Suppose p - c = 1 - 3, 10 = 3*p + c. Let f(u) = u**2 + 1. Let x(s) = p*f(s) - k(s). What are the prime factors of x(-7)?
2
Let a = 7 - 7. Let x(f) = f - 5. Let z be x(7). Suppose -4*l + 48 = -z*y - 4, a = 4*l - y - 50. List the prime factors of l.
2, 3
Suppose -5*k = 2*z - 243, 4*k = -2 + 6. Suppose 33 = 8*y - z. List the prime factors of y.
19
Suppose -4*c = -4*v + 4, -3*v = -c - 11 - 2. Let n(h) = -h + 40. List the prime factors of n(v).
2, 17
Suppose -3*y + 222 + 78 = 0. Let x = -48 + y. List the prime factors of x.
2, 13
Let w = -1450 - -985. Let c be (-2)/(-4) + w/(-6). Suppose -10 + c = 2*v. List the prime factors of v.
2, 17
Let o = 34 - -36. Let q(a) = -a**2 + 29*a - 12. Let k be q(19). Suppose o = -4*f + k. What are the prime factors of f?
3
Suppose c - 5*i - 34 = 0, -2*c + 0*i + 13 = i. Let q = c - 15. Let z(y) = 2*y**2 + 12*y + 8. List the prime factors of z(q).
2
Let q be (-10)/(-2) - (-14)/(-7). Suppose -2*n = -n - 3. Suppose 0 = q*x - 4*h - 99, -n*x + 13 = -h - 77. List the prime factors of x.
29
What are the prime factors of 657 - 23/(138/72)?
3, 5, 43
Let o(q) = q**3 - 6*q**2 + 4. Let l be o(6). Suppose -2*r = -l*r - 22. Let f = 37 + r. What are the prime factors of f?
2, 13
Let m(q) = -q**3 + 5*q**2 + 3*q + 8. Let s be m(6). Let v be ((-3)/(-2))/(s/(-20)). Suppose 0 = -3*l + v + 51. List the prime factors of l.
2, 3
Suppose 5*r - 19 = 6. Suppose 0